 the hundred millions digit of 1346421424?
3
What is the ten thousands digit of 1541684019?
8
What is the ten millions digit of 252260104?
5
What is the ten thousands digit of 84831585?
3
What is the hundred thousands digit of 1683552225?
5
What is the ten thousands digit of 38583187?
8
What is the millions digit of 23167383?
3
What is the ten millions digit of 51370603?
5
What is the thousands digit of 2384344?
4
What is the hundred thousands digit of 31439802?
4
What is the thousands digit of 12824457?
4
What is the thousands digit of 128230689?
0
What is the tens digit of 354358954?
5
What is the millions digit of 107664580?
7
What is the hundreds digit of 187869552?
5
What is the hundred thousands digit of 317689153?
6
What is the units digit of 68832238?
8
What is the hundreds digit of 1927500211?
2
What is the tens digit of 198720288?
8
What is the hundred millions digit of 1754400075?
7
What is the hundred thousands digit of 66529218?
5
What is the thousands digit of 85540431?
0
What is the hundred thousands digit of 1422473647?
4
What is the ten millions digit of 100472582?
0
What is the hundred thousands digit of 30309285?
3
What is the millions digit of 71673735?
1
What is the hundreds digit of 12101447?
4
What is the tens digit of 6996710222?
2
What is the millions digit of 3059690954?
9
What is the hundred millions digit of 616931919?
6
What is the tens digit of 94567191?
9
What is the hundreds digit of 122831837?
8
What is the millions digit of 1881755522?
1
What is the ten thousands digit of 58951541?
5
What is the ten thousands digit of 80571643?
7
What is the millions digit of 129989721?
9
What is the ten thousands digit of 362554900?
5
What is the ten millions digit of 235802467?
3
What is the tens digit of 186662645?
4
What is the ten thousands digit of 124322928?
2
What is the hundred millions digit of 2485371455?
4
What is the units digit of 934896632?
2
What is the hundred thousands digit of 3230846864?
8
What is the hundreds digit of 877789950?
9
What is the tens digit of 87479977?
7
What is the billions digit of 2980932799?
2
What is the units digit of 6983347?
7
What is the hundred thousands digit of 369729023?
7
What is the millions digit of 1070535022?
0
What is the tens digit of 41522147?
4
What is the hundreds digit of 36932190?
1
What is the hundred thousands digit of 20251683?
2
What is the ten thousands digit of 718182857?
8
What is the hundred millions digit of 1628207185?
6
What is the units digit of 105652107?
7
What is the units digit of 573454812?
2
What is the hundred thousands digit of 146927412?
9
What is the hundred thousands digit of 4369976?
3
What is the hundreds digit of 50174862?
8
What is the tens digit of 2472021753?
5
What is the thousands digit of 2141136398?
6
What is the hundreds digit of 5952107944?
9
What is the ten millions digit of 42498773?
4
What is the ten thousands digit of 2121683523?
8
What is the millions digit of 287356259?
7
What is the tens digit of 8101056292?
9
What is the tens digit of 3189833710?
1
What is the thousands digit of 24451507?
1
What is the tens digit of 10086203?
0
What is the millions digit of 315823270?
5
What is the millions digit of 75400887?
5
What is the ten thousands digit of 94559112?
5
What is the units digit of 1228742534?
4
What is the units digit of 12244334?
4
What is the hundreds digit of 1060454617?
6
What is the ten millions digit of 6168496967?
6
What is the ten thousands digit of 41607677?
0
What is the hundred thousands digit of 42094351?
0
What is the thousands digit of 99350018?
0
What is the hundreds digit of 124635783?
7
What is the hundred thousands digit of 908232746?
2
What is the millions digit of 1586818166?
6
What is the units digit of 590510866?
6
What is the hundreds digit of 166005100?
1
What is the ten millions digit of 85231530?
8
What is the millions digit of 64184880?
4
What is the tens digit of 46967790?
9
What is the hundred thousands digit of 170502315?
5
What is the hundreds digit of 36389333?
3
What is the billions digit of 1247319679?
1
What is the hundred millions digit of 203083399?
2
What is the units digit of 151762286?
6
What is the ten thousands digit of 34313051?
1
What is the hundred millions digit of 3317458836?
3
What is the hundred thousands digit of 93494548?
4
What is the millions digit of 31921277?
1
What is the units digit of 4008701456?
6
What is the hundred thousands digit of 7415189048?
1
What is the tens digit of 304118043?
4
What is the hundred thousands digit of 56220419?
2
What is the millions digit of 722217651?
2
What is the ten millions digit of 2809490447?
0
What is the units digit of 9189084?
4
What is the hundred thousands digit of 115921090?
9
What is the hundred thousands digit of 819780179?
7
What is the ten thousands digit of 10811835?
1
What is the hundreds digit of 135537261?
2
What is the units digit of 1787946604?
4
What is the hundreds digit of 168863396?
3
What is the units digit of 20506936?
6
What is the units digit of 1583688918?
8
What is the thousands digit of 47874649?
4
What is the ten millions digit of 241429163?
4
What is the ten thousands digit of 90782408?
8
What is the millions digit of 43571501?
3
What is the tens digit of 914361489?
8
What is the ten millions digit of 28931812?
2
What is the ten thousands digit of 154274781?
7
What is the ten thousands digit of 46877623?
7
What is the thousands digit of 345635453?
5
What is the millions digit of 1408043764?
8
What is the tens digit of 518962224?
2
What is the ten millions digit of 264697113?
6
What is the tens digit of 3012150847?
4
What is the hundreds digit of 37608595?
5
What is the hundred thousands digit of 25342945?
3
What is the ten thousands digit of 85243305?
4
What is the hundred thousands digit of 27950952?
9
What is the thousands digit of 5775959?
5
What is the hundreds digit of 416041928?
9
What is the ten millions digit of 25303372?
2
What is the millions digit of 1168848080?
8
What is the millions digit of 720731891?
0
What is the hundreds digit of 5176837663?
6
What is the tens digit of 17688724?
2
What is the thousands digit of 2122639189?
9
What is the ten thousands digit of 68619121?
1
What is the thousands digit of 33794682?
4
What is the ten millions digit of 263281209?
6
What is the ten millions digit of 16583875?
1
What is the hundred thousands digit of 2190258151?
2
What is the ten millions digit of 1857593681?
5
What is the tens digit of 594572874?
7
What is the ten thousands digit of 47656982?
5
What is the units digit of 635816732?
2
What is the thousands digit of 619140679?
0
What is the hundred millions digit of 176213907?
1
What is the billions digit of 1528233489?
1
What is the hundred thousands digit of 82223068?
2
What is the millions digit of 195099720?
5
What is the hundred thousands digit of 6922962673?
9
What is the billions digit of 6068574230?
6
What is the hundreds digit of 23750759?
7
What is the hundred millions digit of 246934995?
2
What is the millions digit of 705846191?
5
What is the hundreds digit of 4731808?
8
What is the millions digit of 182845568?
2
What is the tens digit of 5634378362?
6
What is the thousands digit of 24548411?
8
What is the ten thousands digit of 2893737406?
3
What is the units digit of 18210358?
8
What is the tens digit of 149173226?
2
What is the billions digit of 1248700859?
1
What is the tens digit of 207189107?
0
What is the units digit of 209662693?
3
What is the thousands digit of 20826142?
6
What is the ten thousands digit of 55517482?
1
What is the hundreds digit of 1525247614?
6
What is the ten thousands digit of 217070755?
7
What is the tens digit of 5638418634?
3
What is the ten thousands digit of 185171589?
7
What is the hundred millions digit of 397710130?
3
What is the millions digit of 309829318?
9
What is the millions digit of 30104521?
0
What is the hundreds digit of 759927395?
3
What is the hundreds digit of 235829780?
7
What is the hundred millions digit of 208275674?
2
What is the units digit of 347062304?
4
What is the tens digit of 1365581284?
8
What is the tens digit of 962627572?
7
What is the millions digit of 1873249491?
3
What is the hundred thousands digit of 207864026?
8
What is the ten thousands digit of 192076927?
7